 12*g - 15*g = -21. Suppose 2*o - 10 = -2*l, g*l - 2*l + 3*o = 23. Suppose 7*j = -l + 74. Is j prime?
False
Let l(g) = g**3 - 22*g**2 + 50*g + 14. Let b be l(21). Let r = 2418 - b. Is r prime?
False
Let l(f) = -f**3 - f**2 - 21*f - 12 + 6*f**2 + 23*f. Let h be l(-8). Is h/(-8)*(-2)/3 composite?
False
Let i(d) = 370*d**3 - 10*d**2 + 9*d - 9. Let p be i(8). Suppose 6*j = -p - 526127. Is j/(-75) + 4/30 prime?
False
Suppose -115*l = -7198376 - 2136519. Is l a composite number?
False
Let g = 158 - -2604. Suppose -4*v = 646 - g. Is v prime?
False
Is (-1)/(5/15) - -121154 composite?
False
Let f(c) = -38 - 3*c**3 - 4*c + 4*c**3 - 50 + 44*c**2 + 12. Is f(-37) a prime number?
False
Let y = 398 - -57. Suppose o = 5*x + y, -x - 1462 = -4*o + 320. Is o a composite number?
True
Suppose 5*w - 2*k = 3760055, 550*w = 545*w - 5*k + 3760020. Is w prime?
True
Let n = -10 - -49. Let v be 8/52 + (-818)/n*-6. Is 1292/(-6)*(v/(-12))/7 a prime number?
False
Let q be (-31315)/(-340)*28 - (-4)/34. Let n = -1518 + q. Is n prime?
True
Suppose -h - 1 = -s, 4*h + 2*s - 24 = -s. Suppose 44535 = -r + 5*r + 5*i, h*r - 33410 = 5*i. Suppose -2*o + r = 3*o. Is o a prime number?
False
Is 1432/(-29356) + 16038630/82 a prime number?
True
Let q(s) = 17035*s**2 + 48*s - 149. Is q(4) prime?
True
Let d(k) = -2*k + 39333. Let g be d(0). Suppose 0 = -3*i - m + 59002, -3*m = -2*i - 4*m + g. Suppose -17*s + 4*s = -i. Is s a composite number?
True
Let m = 31789 - -432448. Is m a composite number?
False
Suppose -k + 9 = 5*m, 5*m - 3*k = 5 + 8. Let v be 1142/4*1*(m + 0). Suppose -7*o - v = -2069. Is o a composite number?
True
Suppose -7168 = -5*v + 912. Let a = v - -41. Is a a composite number?
False
Suppose 11155160 = -1057*k + 1097*k. Is k composite?
False
Suppose 127266 + 43665 = 3*i. Is i composite?
True
Let f = 324 - 305. Suppose -99963 = -f*l + 283058. Is l a prime number?
False
Let v = 51805 - -37054. Is v a prime number?
False
Suppose 11*b - 9*b = 3*q - 265910, 2*q - 5*b = 177266. Suppose q = 13*x + 22611. Is x a prime number?
False
Let w be (-3)/(-3 + -3) + (-1565)/2. Let h = w - -2129. Suppose -9*y + h = -6*y. Is y a composite number?
False
Let y be (124/28 - 4)*(-21)/(-3). Is (5/(5/41))/y*111 composite?
True
Let q(k) = -18*k - 2. Let x be q(-1). Suppose -5*s + x - 1 = 0. Suppose 3*d - 5*y - 559 = 0, 4*d - 875 = -d - s*y. Is d composite?
True
Let p(q) = -q**3 + 5*q**2 + 3*q - 9. Let k be p(5). Let v be (k/15)/(((-9)/15)/(-3)). Suppose -v*x + 855 + 119 = 0. Is x a prime number?
True
Let r(s) = s**2 - 10*s + 13. Let f(h) = h**2 - 14*h. Let c be f(12). Is r(c) prime?
True
Let o(l) = 404*l**2 + 132*l + 11. Is o(-21) prime?
True
Let n = -204767 - -346204. Is n a composite number?
True
Let l = -3412 - 4584. Let d be 1/(9/(-2)) - l/18. Let g = d - 287. Is g prime?
True
Suppose 2*s - 4*s = 6, -5*k + 4*s = -12. Suppose 11*c + 1465 - 25148 = k. Is c composite?
False
Let w(k) = k**3 + 20*k**2 - 14*k - 1. Let a be w(-10). Suppose 5*b + 6443 = 2*u, u + b - 2072 - a = 0. Is u composite?
True
Let i be (-30)/195 - (-204)/(-26). Let o = 13 + i. Suppose -5*j = -u + 43, -j = -u - o*j + 43. Is u a prime number?
True
Let p(y) = -2739*y - 7. Let i be p(4). Let u = -7409 - i. Suppose -2*v - 2*x = -u, v - 4*v + 5331 = -5*x. Is v composite?
False
Let x = 216 + -152. Suppose 0 = -h + 17 + x. Let i = h + 130. Is i a composite number?
False
Is (21/((-2268)/(-1071981)))/((-2)/(-56)) a composite number?
True
Let i(b) = -10 + 3 + 496*b**3 + b**2 - 261*b + 265*b. Is i(2) a prime number?
False
Let o(x) = -2*x + 27. Let y be o(14). Let a be 49/14 + y/(-2). Let w(t) = 7*t**2 + 2*t + 3. Is w(a) a composite number?
True
Let u = 30612 - 18659. Suppose -u = 6*r - 48667. Is r a prime number?
False
Suppose 0 = v + 5, 4*g + 3*v + 335 = -128. Let d = g - -159. Let l = d + 132. Is l a prime number?
True
Suppose 0 = -5*m - 61*r + 59*r + 101253, 60739 = 3*m - 2*r. Is m composite?
False
Suppose -3*b - g + 62064 = 0, 7*b + 41390 = 9*b + 3*g. Is b a composite number?
True
Let g(q) = 10*q**2 - 7*q + 18. Let w be 75/(-6)*(-1 + 1/5). Suppose -w = 2*d + 4. Is g(d) a prime number?
True
Suppose 114016 = i + 5*n, 2*i - n = 198175 + 29890. Is i a prime number?
True
Suppose -13*i + 15*i - 756 = 0. Let y = i - 127. Is y prime?
True
Let t = 26731 + 10498. Is t a prime number?
False
Let f = -112 - -111. Let t be f/((-2)/(3546*2)). Suppose 0 = 4*d - z - 4*z - 3549, 4*d = 2*z + t. Is d a composite number?
True
Is (17 + -17)/(-3) + 159529 prime?
False
Let d be ((-12009)/3)/((-13)/13). Suppose -x + 461 = -4*p - 330, -d = -5*x - 4*p. Is x a prime number?
False
Let n(z) = z**3 + z**2 - 17*z - 354. Is n(53) a composite number?
False
Is (-2)/(-12 - 18350750/(-1529231)) a composite number?
False
Is (-20 - (-4578)/231) + 2184978/22 prime?
True
Suppose 0 = -8*h + 7*h + b + 2, 0 = 4*h - 3*b - 9. Suppose 0 = 2*f + 2*t - 2095 - 1333, -5166 = -h*f + 5*t. Is f prime?
False
Let l be (-2 - 8 - -7) + 1*-9236. Is (1 - l/3)/(90/135) composite?
False
Suppose 60 = -49*o + 61*o. Let u = 21 + -19. Suppose 1966 = 4*y + u*f, 5*f - 3*f = o*y - 2453. Is y a composite number?
False
Let i = 63697 + -13914. Is i a composite number?
False
Let s be (15289/(-9) - 16/72) + 0. Is (-3)/((-10)/8498*s + -2) a composite number?
True
Let l = 161 + -13. Let t be 3/(-3 - (-45)/12). Suppose t*m = 4*j - 624, -j + 3*m - 2 = -l. Is j a composite number?
True
Let u = 1961 + 5157. Let o = u + -1667. Suppose 0 = -2*s - s + o. Is s prime?
False
Let v = 1171 - -82288. Is v a composite number?
False
Let f = 3144 - 1777. Is f prime?
True
Let u be -1*((-2)/8 + (-4722)/24). Suppose -3*d + 421 + u = 0. Suppose -q - 5 = -d. Is q prime?
False
Let f(a) = 47*a**2 + 414*a + 45. Is f(-112) prime?
False
Let i(a) = 219*a**2 + a + 4. Suppose -7 = -2*u - 5*y + 4, -u + 3*y = 0. Let o be i(u). Suppose 3*l = 5*l - o. Is l a prime number?
False
Let s be (2 - 0)/(5/5). Suppose -2503 = -s*i - y, i + i - 2513 = y. Is -2 + i + 5 - -2 a composite number?
False
Let x = 41350 + -8988. Suppose -x = -4*c - 18*c. Is c a prime number?
True
Suppose 4*m + 20 = 5*y - y, 0 = -y - 5*m - 7. Is y/1*262867/33 composite?
True
Let t(s) = 283*s**2 + 27*s + 703. Is t(25) a prime number?
False
Let x = -12 + 3. Let j = x + 15. Suppose 4*a = 0, -3*r - a - 99 = -j*r. Is r composite?
True
Let m(l) = 498*l**3 + 5*l**2 + 6*l - 1. Let u be m(3). Suppose -u = -7*f + 1213. Is f a composite number?
True
Suppose -58*q - 20 = 4*k - 54*q, 5*k + 18 = 2*q. Is (56/40)/(k/10)*-4358 a composite number?
True
Let a(x) be the first derivative of 121*x**3 - x**2 + 3*x + 65. Is a(2) prime?
True
Let t be -3*(-4)/(-16)*-2*-94. Let i = t + 141. Is -5 + (i - 1 - -253) prime?
False
Let y = -243 + 246. Suppose -22433 = -y*c - 6380. Is c prime?
True
Let k(v) = 18*v**2 - 372*v + 137. Is k(30) a composite number?
True
Let s(g) = -17*g + 91. Let b be s(-28). Let t = 399 - b. Let c = t - -2597. Is c prime?
False
Let u = -297 + 299. Suppose -n + 1071 = -2*d, -n + 2*n = -u*d + 1067. Is n composite?
False
Let q(d) = 47327*d**2 - 30*d - 56. Is q(-3) prime?
True
Let a(t) = 140*t**2 - 12*t + 4. Let m(c) = -2*c + 8. Let h be m(0). Let o be a(h). Is ((-1)/(-4))/(3/o) a composite number?
False
Let m = 18940 - 1473. Is m a composite number?
False
Let r be ((-77)/(-14) + -7)/(6/(-400)). Is (r - -1)*(-1305)/(-45) a prime number?
False
Let n be (-189)/(-12) + (-21)/28. Suppose 11*h - n*h = -9928. Let b = -705 + h. Is b prime?
True
Let z be 22/143 - (-472)/(-26). Let a be z/((1 - 2) + -1). Suppose -a*p + 13*p - 1192 = 0. Is p a composite number?
True
Suppose -122*d + 46027419 - 1303086 = -40942481. Is d a composite number?
True
Let u(s) = -s - 2. Let r(p) = 201*p + 19. Let h(z) = -r(z) - 3*u(z). Is h(-5) a composite number?
False
Suppose -1579 = -3*f + p, 0*f - 530 = -f + 4*p. Is ((-78)/(-12) - 6)*f composite?
False
Let m(y) = 261*y - 78. Let n(k) = k**3 - 12*k**2 + 23*k - 25. Let v be n(10). Is m(v) prime?
False
Suppose 4*l = p + 12, 1 = 5*p - 3*l + 44. Is 6/(-12) - 60476/p composite?
False
Let u(m) = 90*m**2 - m + 15. Suppose -32 = 24*f - 32*f. Is u(f) a composite number?
False
Let b(q) = -q**2 + q + 3. Let j be b(-2). Let f(s) = -s - 4. Let o be f(j). Is o*-2*422/4 composite?
False
Let z = 248 - 244. Suppose -z*x + 15942 = -m, -4*x + 15938 = 4*m - 3*m. Is x a prime number?
Fal